vided by 6?
5
What is the remainder when 131 is divided by 17?
12
What is the remainder when 86 is divided by 24?
14
What is the remainder when 100 is divided by 30?
10
Calculate the remainder when 4191 is divided by 41.
9
Calculate the remainder when 11698 is divided by 31.
11
What is the remainder when 317 is divided by 64?
61
What is the remainder when 916 is divided by 20?
16
Calculate the remainder when 2473 is divided by 209.
174
Calculate the remainder when 1000 is divided by 130.
90
Calculate the remainder when 3233 is divided by 7.
6
Calculate the remainder when 77 is divided by 43.
34
Calculate the remainder when 84 is divided by 60.
24
Calculate the remainder when 8849 is divided by 10.
9
Calculate the remainder when 4200 is divided by 302.
274
Calculate the remainder when 54 is divided by 23.
8
What is the remainder when 220 is divided by 92?
36
Calculate the remainder when 350 is divided by 44.
42
What is the remainder when 156 is divided by 118?
38
Calculate the remainder when 155 is divided by 53.
49
Calculate the remainder when 701 is divided by 32.
29
Calculate the remainder when 1633 is divided by 181.
4
Calculate the remainder when 574 is divided by 275.
24
Calculate the remainder when 2565 is divided by 425.
15
What is the remainder when 3191 is divided by 103?
101
What is the remainder when 31 is divided by 18?
13
What is the remainder when 107 is divided by 19?
12
What is the remainder when 503 is divided by 42?
41
What is the remainder when 79 is divided by 52?
27
Calculate the remainder when 2549 is divided by 85.
84
Calculate the remainder when 199 is divided by 100.
99
Calculate the remainder when 2678 is divided by 20.
18
What is the remainder when 1940 is divided by 29?
26
Calculate the remainder when 72 is divided by 43.
29
What is the remainder when 1477 is divided by 51?
49
What is the remainder when 1473 is divided by 184?
1
Calculate the remainder when 145 is divided by 11.
2
What is the remainder when 315 is divided by 14?
7
What is the remainder when 222 is divided by 9?
6
What is the remainder when 770 is divided by 128?
2
Calculate the remainder when 3619 is divided by 1202.
13
What is the remainder when 268 is divided by 40?
28
Calculate the remainder when 212 is divided by 109.
103
What is the remainder when 547 is divided by 50?
47
What is the remainder when 161 is divided by 11?
7
What is the remainder when 190 is divided by 10?
0
Calculate the remainder when 627 is divided by 204.
15
Calculate the remainder when 461 is divided by 152.
5
What is the remainder when 900 is divided by 252?
144
What is the remainder when 656 is divided by 94?
92
Calculate the remainder when 886 is divided by 2.
0
Calculate the remainder when 933 is divided by 18.
15
Calculate the remainder when 136 is divided by 73.
63
What is the remainder when 63 is divided by 43?
20
What is the remainder when 347 is divided by 14?
11
What is the remainder when 833 is divided by 94?
81
What is the remainder when 981 is divided by 52?
45
Calculate the remainder when 184 is divided by 39.
28
Calculate the remainder when 196 is divided by 5.
1
Calculate the remainder when 1642 is divided by 4.
2
What is the remainder when 772 is divided by 129?
127
What is the remainder when 253 is divided by 26?
19
What is the remainder when 15554 is divided by 61?
60
What is the remainder when 250 is divided by 58?
18
What is the remainder when 176 is divided by 37?
28
What is the remainder when 294 is divided by 74?
72
What is the remainder when 426 is divided by 184?
58
What is the remainder when 266 is divided by 78?
32
What is the remainder when 51 is divided by 26?
25
Calculate the remainder when 3138 is divided by 166.
150
What is the remainder when 264 is divided by 33?
0
What is the remainder when 52 is divided by 6?
4
Calculate the remainder when 1653 is divided by 8.
5
Calculate the remainder when 18 is divided by 7.
4
Calculate the remainder when 85 is divided by 29.
27
What is the remainder when 100 is divided by 17?
15
Calculate the remainder when 4179 is divided by 37.
35
What is the remainder when 24 is divided by 15?
9
Calculate the remainder when 92 is divided by 55.
37
What is the remainder when 8 is divided by 3?
2
What is the remainder when 617 is divided by 62?
59
What is the remainder when 2005 is divided by 522?
439
What is the remainder when 8123 is divided by 25?
23
What is the remainder when 134 is divided by 34?
32
Calculate the remainder when 3195 is divided by 6.
3
Calculate the remainder when 145 is divided by 145.
0
Calculate the remainder when 317 is divided by 23.
18
Calculate the remainder when 87 is divided by 28.
3
What is the remainder when 1876 is divided by 196?
112
Calculate the remainder when 187 is divided by 38.
35
What is the remainder when 40 is divided by 11?
7
What is the remainder when 113 is divided by 108?
5
What is the remainder when 978 is divided by 332?
314
What is the remainder when 17157 is divided by 88?
85
Calculate the remainder when 173 is divided by 54.
11
What is the remainder when 127 is divided by 8?
7
Calculate the remainder when 1587 is divided by 28.
19
Calculate the remainder when 126 is divided by 68.
58
Calculate the remainder when 727 is divided by 56.
55
What is the remainder when 749 is divided by 94?
91
What is the remainder when 450 is divided by 114?
108
What is the remainder when 1881 is divided by 318?
291
Calculate the remainder when 1209 is divided by 7.
5
What is the remainder when 126 is divided by 64?
62
Calculate the remainder when 742 is divided by 105.
7
Calculate the remainder when 90 is divided by 67.
23
Calculate the remainder when 8700 is divided by 23.
6
What is the remainder when 90 is divided by 24?
18
Calculate the remainder when 385 is divided by 87.
37
Calculate the remainder when 126 is divided by 56.
14
Calculate the remainder when 505 is divided by 60.
25
Calculate the remainder when 1834 is divided by 108.
106
What is the remainder when 477 is divided by 124?
105
What is the remainder when 2722 is divided by 91?
83
What is the remainder when 525 is divided by 151?
72
What is the remainder when 959 is divided by 15?
14
Calculate the remainder when 82 is divided by 46.
36
Calculate the remainder when 1462 is divided by 7.
6
What is the remainder when 96 is divided by 10?
6
Calculate the remainder when 197 is divided by 100.
97
Calculate the remainder when 148 is divided by 65.
18
What is the remainder when 159 is divided by 5?
4
Calculate the remainder when 2297 is divided by 50.
47
What is the remainder when 20 is divided by 20?
0
Calculate the remainder when 233 is divided by 20.
13
What is the remainder when 438 is divided by 144?
6
What is the remainder when 162 is divided by 15?
12
Calculate the remainder when 1571 is divided by 75.
71
Calculate the remainder when 1152 is divided by 61.
54
Calculate the remainder when 574 is divided by 120.
94
What is the remainder when 1407 is divided by 138?
27
What is the remainder when 796 is divided by 20?
16
What is the remainder when 2012 is divided by 96?
92
What is the remainder when 501 is divided by 46?
41
Calculate the remainder when 444 is divided by 9.
3
Calculate the remainder when 144091 is divided by 129.
127
What is the remainder when 505 is divided by 46?
45
What is the remainder when 1808 is divided by 268?
200
Calculate the remainder when 8469 is divided by 197.
195
Calculate the remainder when 8018 is divided by 28.
10
Calculate the remainder when 83 is divided by 19.
7
Calculate the remainder when 108 is divided by 29.
21
Calculate the remainder when 2513 is divided by 37.
34
What is the remainder when 89 is divided by 85?
4
Calculate the remainder when 1228 is divided by 407.
7
What is the remainder when 595 is divided by 71?
27
Calculate the remainder when 220 is divided by 67.
19
What is the remainder when 334 is divided by 11?
4
What is the remainder when 17067 is divided by 101?
99
What is the remainder when 1348 is divided by 670?
8
What is the remainder when 82 is divided by 76?
6
What is the remainder when 3796 is divided by 29?
26
Calculate the remainder when 739 is divided by 110.
79
What is the remainder when 73 is divided by 23?
4
What is the remainder when 516 is divided by 154?
54